{"id":69,"date":"2018-01-17T16:57:30","date_gmt":"2018-01-17T15:57:30","guid":{"rendered":"http:\/\/vezere.org\/?page_id=69"},"modified":"2024-06-23T00:16:19","modified_gmt":"2024-06-22T22:16:19","slug":"comment-contribuer","status":"publish","type":"page","link":"https:\/\/vezere.org\/index.php\/comment-contribuer\/","title":{"rendered":"Comment contribuer ?"},"content":{"rendered":"<h3><strong>Vous d\u00e9sirez soutenir le nouveau projet de livre <\/strong><strong>de J\u00e9r\u00f4me Hutin\u00a0?<\/strong><\/h3>\n<h3>Quelles sont les possibilit\u00e9s\u00a0? Le financement participatif\u00a0?<\/h3>\n<p>&nbsp;<\/p>\n<ol>\n<li><strong>Acqu\u00e9rir les photographies de J\u00e9r\u00f4me Hutin, ce qui lui permet d\u2019avancer sur ce nouveau projet de livre \u00ab V\u00e9z\u00e8re, source de vies \u00bb.<\/strong><\/li>\n<\/ol>\n<ul>\n<li>Je peux imprimer \u00ab\u00a0localement\u00a0\u00bb sur du papier \u00ab\u00a0Fine Art\u00a0\u00bb haut de gamme aussi bien mes photographies d\u2019arbres, de paysages du P\u00e9rigord et du monde, comme je peux imprimer vos propres photos.<\/li>\n<li>Je soustraite aussi des impressions sur verre, sur toile de peintre, sur maille drapeau, sur b\u00e2ches.<\/li>\n<li>Je peux aussi r\u00e9aliser vos reportages photographiques d\u2019entreprises, vos catalogues publicitaires.<\/li>\n<\/ul>\n<ol start=\"2\">\n<li>Louer mon exposition g\u00e9ante des arbres v\u00e9n\u00e9rables de la plan\u00e8te (voir sur son site <a href=\"http:\/\/arbresvenerables.fr\">http:\/\/arbresvenerables.fr<\/a>). Et bient\u00f4t celle des arbres du P\u00e9rigord et de la V\u00e9z\u00e8re. Mes plus grandes photos mesurent 7 m\u00e8tres de haut\u00a0!<\/li>\n<\/ol>\n<p>&nbsp;<\/p>\n<h3><strong>Comment sponsoriser et adh\u00e9rer \u00e0 mon nouveau projet \u2013 financement participatif\u00a0: <\/strong><\/h3>\n<p>Pour 0 euro : vous avez le droit de prendre J\u00e9r\u00f4me dans les bras, donner un peu de votre amour, c\u2019est gratifiant et cela le remplira d\u2019\u00e9nergie. C\u2019est con y a le Covid qui nous l\u2019interdirait !!! Mais soyons libres !<\/p>\n<ul>\n<li>Pour 20 euros, un calendrier 2025 \u00ab40 ans de photographies\u00bb.<\/li>\n<li>Pour 40 euros, un agenda 2025 \u00ab40 ans de photographies\u00bb.<\/li>\n<li>Pour 50 euros, J\u00e9r\u00f4me vous offrira son prochaine livre d\u00e9dicac\u00e9 \u00abV\u00e9z\u00e8re source de vies\u00bb.<\/li>\n<li>Pour 90 euros, J\u00e9r\u00f4me vous offrira un merveilleux tablier personnalis\u00e9 de ses photos.<\/li>\n<li>Pour 150 euros, un cours de photos sous les vieux arbres du P\u00e9rigord proche de Terrasson.<\/li>\n<li>Pour 350 euros, un cours de photos sous les arbres du P\u00e9rigord + Travail de votre image \u00e0 l\u2019ordinateur et impression d\u2019une photo en 50 x 70 cm.<\/li>\n<li>Pour 400 euros, une journ\u00e9e le long du bassin versant de la V\u00e9z\u00e8re et r\u00e9aliser de belles photos + 1 agenda 2025 \u00ab 40 ans de photographies \u00bb + votre nom dans le prochain livre \u00ab V\u00e9z\u00e8re source de vie \u00bb.<\/li>\n<li>Pour 500 euros, un week-end quelque part dans le bassin versant de la V\u00e9z\u00e8re et photos sous les \u00e9toiles suivant la m\u00e9t\u00e9o) + logo de votre soci\u00e9t\u00e9 sera publi\u00e9 dans son prochain livre \u00ab V\u00e9z\u00e8re source de vie \u00bb.<\/li>\n<li>Pour 2500 euros, J\u00e9r\u00f4me vous \u00ab d\u00e9veloppera \u00bb un tirage original en 40 x 50 cm N&amp;B argentique sur papier baryt\u00e9, + 1 agenda 2025 \u00ab 40 ans de photographies \u00bb + un livre \u00ab\u00a0V\u00e9z\u00e8re sources de vies + logo et message personnalis\u00e9 de votre entreprise dans son prochain livre \u00ab la V\u00e9z\u00e8re source de vies \u00bb.<\/li>\n<li>Pour tous les contributeurs : votre nom dans mon prochain livre en auto\u00e9dition \u00ab V\u00e9z\u00e8re source de vie \u00bb<\/li>\n<\/ul>\n<p>&nbsp;<\/p>\n<p>&nbsp;<\/p>\n<p><strong><u>Contact<\/u><\/strong><strong>: <\/strong><\/p>\n<p>J\u00e9r\u00f4me Hutin<\/p>\n<p>4 rue de la libert\u00e9 &#8211; 24120 &#8211; Terrasson<\/p>\n<p>T\u00e9l : 33 6 19 77 28 08<\/p>\n<p>mail : arbresperigord@gmail.com<\/p>\n","protected":false},"excerpt":{"rendered":"<p>Vous d\u00e9sirez soutenir le nouveau projet de livre de J\u00e9r\u00f4me Hutin\u00a0? Quelles sont les possibilit\u00e9s\u00a0? Le financement participatif\u00a0? &nbsp; Acqu\u00e9rir les photographies de J\u00e9r\u00f4me Hutin, ce qui lui permet d\u2019avancer sur ce nouveau projet de livre \u00ab V\u00e9z\u00e8re, source de vies \u00bb. Je peux imprimer \u00ab\u00a0localement\u00a0\u00bb sur du papier \u00ab\u00a0Fine Art\u00a0\u00bb haut de gamme aussi bien mes photographies d\u2019arbres, de paysages du P\u00e9rigord et du monde, comme je peux imprimer vos propres photos. Je soustraite aussi des impressions sur verre, sur toile de peintre, sur maille drapeau, sur b\u00e2ches. Je peux aussi r\u00e9aliser vos reportages photographiques d\u2019entreprises, vos catalogues publicitaires. Louer mon exposition g\u00e9ante des arbres v\u00e9n\u00e9rables de la plan\u00e8te (voir sur son site http:\/\/arbresvenerables.fr). Et bient\u00f4t celle des arbres du P\u00e9rigord et de la V\u00e9z\u00e8re. Mes plus grandes photos mesurent 7 m\u00e8tres de haut\u00a0! &nbsp; Comment sponsoriser et adh\u00e9rer \u00e0 mon nouveau projet \u2013 financement participatif\u00a0: Pour 0 euro : vous avez le droit de prendre J\u00e9r\u00f4me dans les bras, donner un peu de votre amour, c\u2019est gratifiant et cela le remplira d\u2019\u00e9nergie. C\u2019est con y a le Covid qui nous l\u2019interdirait !!! Mais soyons libres ! Pour 20 euros, un calendrier 2025 \u00ab40 ans de photographies\u00bb. Pour 40 euros, un agenda 2025 \u00ab40 ans de photographies\u00bb. Pour 50 euros, J\u00e9r\u00f4me vous offrira son prochaine livre d\u00e9dicac\u00e9 \u00abV\u00e9z\u00e8re source de vies\u00bb. Pour 90 euros, J\u00e9r\u00f4me vous offrira un merveilleux tablier personnalis\u00e9 de ses photos. Pour 150 euros, un cours de photos sous les vieux arbres du P\u00e9rigord proche de Terrasson. Pour 350 euros, un cours de photos sous les arbres du P\u00e9rigord + Travail de votre image \u00e0 l\u2019ordinateur et impression d\u2019une photo en 50 x 70 cm. Pour 400 euros, une journ\u00e9e le long du bassin versant de la V\u00e9z\u00e8re et r\u00e9aliser de belles photos + 1 agenda 2025 \u00ab 40 ans de photographies \u00bb + votre nom dans le prochain livre \u00ab V\u00e9z\u00e8re source de vie \u00bb. Pour 500 euros, un week-end quelque part dans le bassin versant de la V\u00e9z\u00e8re et photos sous les \u00e9toiles suivant la m\u00e9t\u00e9o) + logo de votre soci\u00e9t\u00e9 sera publi\u00e9 dans son prochain livre \u00ab V\u00e9z\u00e8re source de vie \u00bb. Pour 2500 euros, J\u00e9r\u00f4me vous \u00ab d\u00e9veloppera \u00bb un tirage original en 40 x 50 cm N&amp;B argentique sur papier baryt\u00e9, + 1 agenda 2025 \u00ab 40 ans de photographies \u00bb + un livre \u00ab\u00a0V\u00e9z\u00e8re sources de vies + logo et message personnalis\u00e9 de votre entreprise dans son prochain livre \u00ab la V\u00e9z\u00e8re source de vies \u00bb. Pour tous les contributeurs : votre nom dans mon prochain livre en auto\u00e9dition \u00ab V\u00e9z\u00e8re source de vie \u00bb &nbsp; &nbsp; Contact: J\u00e9r\u00f4me Hutin 4 rue de la libert\u00e9 &#8211; 24120 &#8211; Terrasson T\u00e9l : 33 6 19 77 28 08 mail : arbresperigord@gmail.com<\/p>\n","protected":false},"author":1,"featured_media":0,"parent":0,"menu_order":0,"comment_status":"closed","ping_status":"closed","template":"","meta":{"footnotes":""},"class_list":["post-69","page","type-page","status-publish","hentry"],"_links":{"self":[{"href":"https:\/\/vezere.org\/index.php\/wp-json\/wp\/v2\/pages\/69","targetHints":{"allow":["GET"]}}],"collection":[{"href":"https:\/\/vezere.org\/index.php\/wp-json\/wp\/v2\/pages"}],"about":[{"href":"https:\/\/vezere.org\/index.php\/wp-json\/wp\/v2\/types\/page"}],"author":[{"embeddable":true,"href":"https:\/\/vezere.org\/index.php\/wp-json\/wp\/v2\/users\/1"}],"replies":[{"embeddable":true,"href":"https:\/\/vezere.org\/index.php\/wp-json\/wp\/v2\/comments?post=69"}],"version-history":[{"count":5,"href":"https:\/\/vezere.org\/index.php\/wp-json\/wp\/v2\/pages\/69\/revisions"}],"predecessor-version":[{"id":12405,"href":"https:\/\/vezere.org\/index.php\/wp-json\/wp\/v2\/pages\/69\/revisions\/12405"}],"wp:attachment":[{"href":"https:\/\/vezere.org\/index.php\/wp-json\/wp\/v2\/media?parent=69"}],"curies":[{"name":"wp","href":"https:\/\/api.w.org\/{rel}","templated":true}]}}