{"id":175,"date":"2018-02-02T00:19:52","date_gmt":"2018-02-01T23:19:52","guid":{"rendered":"http:\/\/vezere.org\/?page_id=175"},"modified":"2018-02-07T15:24:58","modified_gmt":"2018-02-07T14:24:58","slug":"videos-le-long-de-la-vallee-de-la-vezere","status":"publish","type":"page","link":"https:\/\/vezere.org\/index.php\/videos-le-long-de-la-vallee-de-la-vezere\/","title":{"rendered":"Vid\u00e9os le long de la vall\u00e9e de la V\u00e9z\u00e8re"},"content":{"rendered":"<p>Lors de mes d\u00e9placements le long du bassin versant de la V\u00e9z\u00e8re, je profiterais de r\u00e9aliser quelques vid\u00e9os \u00ab\u00a0amateurs\u00a0\u00bb du paysage, voir des habitants et de leurs savoir faire&#8230;<\/p>\n<p>Voici pour commencer le Taravelou \u00e0 Peyrignac.<\/p>\n<p>&nbsp;<\/p>\n<p><iframe loading=\"lazy\" src=\"https:\/\/player.vimeo.com\/video\/254660746\" width=\"640\" height=\"480\" frameborder=\"0\" allowfullscreen=\"allowfullscreen\"><\/iframe><\/p>\n<p>&nbsp;<\/p>\n<p><strong>Inondation de la V\u00e9z\u00e8re, ici \u00e0 Terrasson.<\/strong><\/p>\n<p><iframe loading=\"lazy\" src=\"https:\/\/player.vimeo.com\/video\/254676351\" width=\"640\" height=\"480\" frameborder=\"0\" allowfullscreen=\"allowfullscreen\"><\/iframe><\/p>\n<p><a href=\"https:\/\/vimeo.com\/254676351\">Terrasson inondation 21 janvier 2018<\/a> from <a href=\"https:\/\/vimeo.com\/user80521789\">Jerome Hutin<\/a> on <a href=\"https:\/\/vimeo.com\">Vimeo<\/a>.<\/p>\n<p>&nbsp;<\/p>\n","protected":false},"excerpt":{"rendered":"<p>Lors de mes d\u00e9placements le long du bassin versant de la V\u00e9z\u00e8re, je profiterais de r\u00e9aliser quelques vid\u00e9os \u00ab\u00a0amateurs\u00a0\u00bb du paysage, voir des habitants et de leurs savoir faire&#8230; Voici pour commencer le Taravelou \u00e0 Peyrignac. &nbsp; &nbsp; Inondation de la V\u00e9z\u00e8re, ici \u00e0 Terrasson. Terrasson inondation 21 janvier 2018 from Jerome Hutin on Vimeo. &nbsp;<\/p>\n","protected":false},"author":1,"featured_media":0,"parent":0,"menu_order":0,"comment_status":"closed","ping_status":"closed","template":"","meta":{"footnotes":""},"class_list":["post-175","page","type-page","status-publish","hentry"],"_links":{"self":[{"href":"https:\/\/vezere.org\/index.php\/wp-json\/wp\/v2\/pages\/175","targetHints":{"allow":["GET"]}}],"collection":[{"href":"https:\/\/vezere.org\/index.php\/wp-json\/wp\/v2\/pages"}],"about":[{"href":"https:\/\/vezere.org\/index.php\/wp-json\/wp\/v2\/types\/page"}],"author":[{"embeddable":true,"href":"https:\/\/vezere.org\/index.php\/wp-json\/wp\/v2\/users\/1"}],"replies":[{"embeddable":true,"href":"https:\/\/vezere.org\/index.php\/wp-json\/wp\/v2\/comments?post=175"}],"version-history":[{"count":9,"href":"https:\/\/vezere.org\/index.php\/wp-json\/wp\/v2\/pages\/175\/revisions"}],"predecessor-version":[{"id":185,"href":"https:\/\/vezere.org\/index.php\/wp-json\/wp\/v2\/pages\/175\/revisions\/185"}],"wp:attachment":[{"href":"https:\/\/vezere.org\/index.php\/wp-json\/wp\/v2\/media?parent=175"}],"curies":[{"name":"wp","href":"https:\/\/api.w.org\/{rel}","templated":true}]}}

Vidéos le long de la vallée de la Vézère

<p>Lors de mes déplacements le long du bassin versant de la Vézère, je profiterais de réaliser quelques vidéos « amateurs » du paysage, voir des habitants et de leurs savoir faire&#8230;</p>
<p>Voici pour commencer le Taravelou à Peyrignac.</p>
<p>&nbsp;</p>
<p><iframe loading="lazy" src="https://player.vimeo.com/video/254660746" width="640" height="480" frameborder="0" allowfullscreen="allowfullscreen"></iframe></p>
<p>&nbsp;</p>
<p><strong>Inondation de la Vézère, ici à Terrasson.</strong></p>
<p><iframe loading="lazy" src="https://player.vimeo.com/video/254676351" width="640" height="480" frameborder="0" allowfullscreen="allowfullscreen"></iframe></p>
<p><a href="https://vimeo.com/254676351">Terrasson inondation 21 janvier 2018</a> from <a href="https://vimeo.com/user80521789">Jerome Hutin</a> on <a href="https://vimeo.com">Vimeo</a>.</p>
<p>&nbsp;</p>

<p>Lors de mes déplacements le long du bassin versant de la Vézère, je profiterais de réaliser quelques vidéos « amateurs » du paysage, voir des habitants et de leurs savoir faire&#8230; Voici pour commencer le Taravelou à Peyrignac. &nbsp; &nbsp; Inondation de la Vézère, ici à Terrasson. Terrasson inondation 21 janvier 2018 from Jerome Hutin on Vimeo. &nbsp;</p>
