{"id":14721,"date":"2025-09-08T15:09:33","date_gmt":"2025-09-08T13:09:33","guid":{"rendered":"https:\/\/vezere.org\/?page_id=14721"},"modified":"2025-09-08T15:28:30","modified_gmt":"2025-09-08T13:28:30","slug":"le-sequoia-geant-du-chateau-de-campagne-pres-du-bugue","status":"publish","type":"page","link":"https:\/\/vezere.org\/index.php\/exposition-arbres-lumieres-rivieres-musiques-de-jerome-hutin\/exposition-arbres-lumieres-rivieres-musiques-2025-dans-la-ville-ancienne-et-parc-laplanche-a-terrasson-lavilledieu-vallee-de-la-vezere\/le-sequoia-geant-du-chateau-de-campagne-pres-du-bugue\/","title":{"rendered":"Le Sequoia g\u00e9ant du ch\u00e2teau de Campagne, pr\u00e8s du Bugue"},"content":{"rendered":"<p>Ce <strong>S\u00e9quoia g\u00e9ant<\/strong>, un des patrimoine naturel du parc du ch\u00e2teau de Campagne, m\u00e9rite bien un bel enregistrement et une belle photo. Surtout pour ses 200 ans\u00a0 environ, et il est labellis\u00e9 \u00ab\u00a0<strong>arbre remarquable de France<\/strong>\u00a0\u00bb<\/p>\n<p>Vous pouvez maintenant \u00e9couter deux versions de la musique du S\u00e9quoia !!<\/p>\n<p><img loading=\"lazy\" decoding=\"async\" class=\"aligncenter size-large wp-image-14722\" src=\"http:\/\/vezere.org\/wp-content\/uploads\/2025\/09\/IMG_20250906_161406-461x1024.jpg\" alt=\"\" width=\"461\" height=\"1024\" srcset=\"https:\/\/vezere.org\/wp-content\/uploads\/2025\/09\/IMG_20250906_161406-461x1024.jpg 461w, https:\/\/vezere.org\/wp-content\/uploads\/2025\/09\/IMG_20250906_161406-135x300.jpg 135w, https:\/\/vezere.org\/wp-content\/uploads\/2025\/09\/IMG_20250906_161406-768x1707.jpg 768w, https:\/\/vezere.org\/wp-content\/uploads\/2025\/09\/IMG_20250906_161406-691x1536.jpg 691w, https:\/\/vezere.org\/wp-content\/uploads\/2025\/09\/IMG_20250906_161406-922x2048.jpg 922w, https:\/\/vezere.org\/wp-content\/uploads\/2025\/09\/IMG_20250906_161406-1140x2533.jpg 1140w, https:\/\/vezere.org\/wp-content\/uploads\/2025\/09\/IMG_20250906_161406-scaled.jpg 1152w\" sizes=\"auto, (max-width: 461px) 100vw, 461px\" \/><\/p>\n<p>1\u00e8re musique de 37 mn, captation musicale r\u00e9alis\u00e9e le 07 septembre 2025<\/p>\n<!--[if lt IE 9]><script>document.createElement('audio');<\/script><![endif]-->\n<audio class=\"wp-audio-shortcode\" id=\"audio-14721-1\" preload=\"none\" style=\"width: 100%;\" controls=\"controls\"><source type=\"audio\/mpeg\" src=\"http:\/\/vezere.org\/wp-content\/uploads\/2025\/09\/Sequoia-geant-chateau-Campagne-le-Bugues-ZOOM0047_01.mp3?_=1\" \/><a href=\"http:\/\/vezere.org\/wp-content\/uploads\/2025\/09\/Sequoia-geant-chateau-Campagne-le-Bugues-ZOOM0047_01.mp3\">http:\/\/vezere.org\/wp-content\/uploads\/2025\/09\/Sequoia-geant-chateau-Campagne-le-Bugues-ZOOM0047_01.mp3<\/a><\/audio>\n<p>2\u00e8me musique de 20 mn, captation musicale r\u00e9alis\u00e9e le 07 septembre 2025<\/p>\n<audio class=\"wp-audio-shortcode\" id=\"audio-14721-2\" preload=\"none\" style=\"width: 100%;\" controls=\"controls\"><source type=\"audio\/mpeg\" src=\"http:\/\/vezere.org\/wp-content\/uploads\/2025\/09\/Sequoia-geant-chateau-Campagne-le-Bugues-ZOOM0048_01.mp3?_=2\" \/><a href=\"http:\/\/vezere.org\/wp-content\/uploads\/2025\/09\/Sequoia-geant-chateau-Campagne-le-Bugues-ZOOM0048_01.mp3\">http:\/\/vezere.org\/wp-content\/uploads\/2025\/09\/Sequoia-geant-chateau-Campagne-le-Bugues-ZOOM0048_01.mp3<\/a><\/audio>\n<p><img loading=\"lazy\" decoding=\"async\" class=\"aligncenter size-large wp-image-14723\" src=\"http:\/\/vezere.org\/wp-content\/uploads\/2025\/09\/chateau-de-Campagne-et-le-Sequoia-geant-1024x516.jpg\" alt=\"\" width=\"960\" height=\"484\" srcset=\"https:\/\/vezere.org\/wp-content\/uploads\/2025\/09\/chateau-de-Campagne-et-le-Sequoia-geant-1024x516.jpg 1024w, https:\/\/vezere.org\/wp-content\/uploads\/2025\/09\/chateau-de-Campagne-et-le-Sequoia-geant-300x151.jpg 300w, https:\/\/vezere.org\/wp-content\/uploads\/2025\/09\/chateau-de-Campagne-et-le-Sequoia-geant-768x387.jpg 768w, https:\/\/vezere.org\/wp-content\/uploads\/2025\/09\/chateau-de-Campagne-et-le-Sequoia-geant.jpg 1136w\" sizes=\"auto, (max-width: 960px) 100vw, 960px\" \/><\/p>\n<p style=\"text-align: center;\"><a href=\"http:\/\/arbres.org\" target=\"_blank\" rel=\"noopener\"><img loading=\"lazy\" decoding=\"async\" class=\"aligncenter wp-image-14724 \" src=\"http:\/\/vezere.org\/wp-content\/uploads\/2025\/09\/IMG_20250906_162111-676x1024.jpg\" alt=\"\" width=\"441\" height=\"668\" srcset=\"https:\/\/vezere.org\/wp-content\/uploads\/2025\/09\/IMG_20250906_162111-676x1024.jpg 676w, https:\/\/vezere.org\/wp-content\/uploads\/2025\/09\/IMG_20250906_162111-198x300.jpg 198w, https:\/\/vezere.org\/wp-content\/uploads\/2025\/09\/IMG_20250906_162111-768x1163.jpg 768w, https:\/\/vezere.org\/wp-content\/uploads\/2025\/09\/IMG_20250906_162111-1014x1536.jpg 1014w, https:\/\/vezere.org\/wp-content\/uploads\/2025\/09\/IMG_20250906_162111-1352x2048.jpg 1352w, https:\/\/vezere.org\/wp-content\/uploads\/2025\/09\/IMG_20250906_162111-1140x1727.jpg 1140w, https:\/\/vezere.org\/wp-content\/uploads\/2025\/09\/IMG_20250906_162111.jpg 1368w\" sizes=\"auto, (max-width: 441px) 100vw, 441px\" \/><\/a><\/p>\n","protected":false},"excerpt":{"rendered":"<p>Ce S\u00e9quoia g\u00e9ant, un des patrimoine naturel du parc du ch\u00e2teau de Campagne, m\u00e9rite bien un bel enregistrement et une belle photo. Surtout pour ses 200 ans\u00a0 environ, et il est labellis\u00e9 \u00ab\u00a0arbre remarquable de France\u00a0\u00bb Vous pouvez maintenant \u00e9couter deux versions de la musique du S\u00e9quoia !! 1\u00e8re musique de 37 mn, captation musicale r\u00e9alis\u00e9e le 07 septembre 2025 2\u00e8me musique de 20 mn, captation musicale r\u00e9alis\u00e9e le 07 septembre 2025<\/p>\n","protected":false},"author":1,"featured_media":0,"parent":14516,"menu_order":0,"comment_status":"closed","ping_status":"closed","template":"","meta":{"footnotes":""},"class_list":["post-14721","page","type-page","status-publish","hentry"],"_links":{"self":[{"href":"https:\/\/vezere.org\/index.php\/wp-json\/wp\/v2\/pages\/14721","targetHints":{"allow":["GET"]}}],"collection":[{"href":"https:\/\/vezere.org\/index.php\/wp-json\/wp\/v2\/pages"}],"about":[{"href":"https:\/\/vezere.org\/index.php\/wp-json\/wp\/v2\/types\/page"}],"author":[{"embeddable":true,"href":"https:\/\/vezere.org\/index.php\/wp-json\/wp\/v2\/users\/1"}],"replies":[{"embeddable":true,"href":"https:\/\/vezere.org\/index.php\/wp-json\/wp\/v2\/comments?post=14721"}],"version-history":[{"count":3,"href":"https:\/\/vezere.org\/index.php\/wp-json\/wp\/v2\/pages\/14721\/revisions"}],"predecessor-version":[{"id":14729,"href":"https:\/\/vezere.org\/index.php\/wp-json\/wp\/v2\/pages\/14721\/revisions\/14729"}],"up":[{"embeddable":true,"href":"https:\/\/vezere.org\/index.php\/wp-json\/wp\/v2\/pages\/14516"}],"wp:attachment":[{"href":"https:\/\/vezere.org\/index.php\/wp-json\/wp\/v2\/media?parent=14721"}],"curies":[{"name":"wp","href":"https:\/\/api.w.org\/{rel}","templated":true}]}}

Le Sequoia géant du château de Campagne, près du Bugue

<p>Ce <strong>Séquoia géant</strong>, un des patrimoine naturel du parc du château de Campagne, mérite bien un bel enregistrement et une belle photo. Surtout pour ses 200 ans  environ, et il est labellisé « <strong>arbre remarquable de France</strong> »</p>
<p>Vous pouvez maintenant écouter deux versions de la musique du Séquoia !!</p>
<p><img loading="lazy" decoding="async" class="aligncenter size-large wp-image-14722" src="http://vezere.org/wp-content/uploads/2025/09/IMG_20250906_161406-461x1024.jpg" alt="" width="461" height="1024" srcset="https://vezere.org/wp-content/uploads/2025/09/IMG_20250906_161406-461x1024.jpg 461w, https://vezere.org/wp-content/uploads/2025/09/IMG_20250906_161406-135x300.jpg 135w, https://vezere.org/wp-content/uploads/2025/09/IMG_20250906_161406-768x1707.jpg 768w, https://vezere.org/wp-content/uploads/2025/09/IMG_20250906_161406-691x1536.jpg 691w, https://vezere.org/wp-content/uploads/2025/09/IMG_20250906_161406-922x2048.jpg 922w, https://vezere.org/wp-content/uploads/2025/09/IMG_20250906_161406-1140x2533.jpg 1140w, https://vezere.org/wp-content/uploads/2025/09/IMG_20250906_161406-scaled.jpg 1152w" sizes="auto, (max-width: 461px) 100vw, 461px" /></p>
<p>1ère musique de 37 mn, captation musicale réalisée le 07 septembre 2025</p>
<!--[if lt IE 9]><script>document.createElement('audio');</script><![endif]-->
<audio class="wp-audio-shortcode" id="audio-14721-1" preload="none" style="width: 100%;" controls="controls"><source type="audio/mpeg" src="http://vezere.org/wp-content/uploads/2025/09/Sequoia-geant-chateau-Campagne-le-Bugues-ZOOM0047_01.mp3?_=1" /><a href="http://vezere.org/wp-content/uploads/2025/09/Sequoia-geant-chateau-Campagne-le-Bugues-ZOOM0047_01.mp3">http://vezere.org/wp-content/uploads/2025/09/Sequoia-geant-chateau-Campagne-le-Bugues-ZOOM0047_01.mp3</a></audio>
<p>2ème musique de 20 mn, captation musicale réalisée le 07 septembre 2025</p>
<audio class="wp-audio-shortcode" id="audio-14721-2" preload="none" style="width: 100%;" controls="controls"><source type="audio/mpeg" src="http://vezere.org/wp-content/uploads/2025/09/Sequoia-geant-chateau-Campagne-le-Bugues-ZOOM0048_01.mp3?_=2" /><a href="http://vezere.org/wp-content/uploads/2025/09/Sequoia-geant-chateau-Campagne-le-Bugues-ZOOM0048_01.mp3">http://vezere.org/wp-content/uploads/2025/09/Sequoia-geant-chateau-Campagne-le-Bugues-ZOOM0048_01.mp3</a></audio>
<p><img loading="lazy" decoding="async" class="aligncenter size-large wp-image-14723" src="http://vezere.org/wp-content/uploads/2025/09/chateau-de-Campagne-et-le-Sequoia-geant-1024x516.jpg" alt="" width="960" height="484" srcset="https://vezere.org/wp-content/uploads/2025/09/chateau-de-Campagne-et-le-Sequoia-geant-1024x516.jpg 1024w, https://vezere.org/wp-content/uploads/2025/09/chateau-de-Campagne-et-le-Sequoia-geant-300x151.jpg 300w, https://vezere.org/wp-content/uploads/2025/09/chateau-de-Campagne-et-le-Sequoia-geant-768x387.jpg 768w, https://vezere.org/wp-content/uploads/2025/09/chateau-de-Campagne-et-le-Sequoia-geant.jpg 1136w" sizes="auto, (max-width: 960px) 100vw, 960px" /></p>
<p style="text-align: center;"><a href="http://arbres.org" target="_blank" rel="noopener"><img loading="lazy" decoding="async" class="aligncenter wp-image-14724 " src="http://vezere.org/wp-content/uploads/2025/09/IMG_20250906_162111-676x1024.jpg" alt="" width="441" height="668" srcset="https://vezere.org/wp-content/uploads/2025/09/IMG_20250906_162111-676x1024.jpg 676w, https://vezere.org/wp-content/uploads/2025/09/IMG_20250906_162111-198x300.jpg 198w, https://vezere.org/wp-content/uploads/2025/09/IMG_20250906_162111-768x1163.jpg 768w, https://vezere.org/wp-content/uploads/2025/09/IMG_20250906_162111-1014x1536.jpg 1014w, https://vezere.org/wp-content/uploads/2025/09/IMG_20250906_162111-1352x2048.jpg 1352w, https://vezere.org/wp-content/uploads/2025/09/IMG_20250906_162111-1140x1727.jpg 1140w, https://vezere.org/wp-content/uploads/2025/09/IMG_20250906_162111.jpg 1368w" sizes="auto, (max-width: 441px) 100vw, 441px" /></a></p>

<p>Ce Séquoia géant, un des patrimoine naturel du parc du château de Campagne, mérite bien un bel enregistrement et une belle photo. Surtout pour ses 200 ans  environ, et il est labellisé « arbre remarquable de France » Vous pouvez maintenant écouter deux versions de la musique du Séquoia !! 1ère musique de 37 mn, captation musicale réalisée le 07 septembre 2025 2ème musique de 20 mn, captation musicale réalisée le 07 septembre 2025</p>
