{"id":14702,"date":"2025-09-04T11:29:03","date_gmt":"2025-09-04T09:29:03","guid":{"rendered":"https:\/\/vezere.org\/?page_id=14702"},"modified":"2025-09-04T13:20:11","modified_gmt":"2025-09-04T11:20:11","slug":"un-merveilleux-rire-pour-un-bon-pain-marche-de-terrasson-vallee-de-la-vezere-merci","status":"publish","type":"page","link":"https:\/\/vezere.org\/index.php\/un-merveilleux-rire-pour-un-bon-pain-marche-de-terrasson-vallee-de-la-vezere-merci\/","title":{"rendered":"Rires et sourires de la V\u00e9z\u00e8re"},"content":{"rendered":"<h4>Sur cette page, je souhaiterais\u00a0 ins\u00e9rer les rires enregistr\u00e9s et sourires photographi\u00e9s le long du bassin versant de la V\u00e9z\u00e8re, lors des moments conviviaux, de joies, lors de spectacles, de march\u00e9s locaux, lors de belles rencontres, avec l&rsquo;accord de toutes et tous.\u00a0<\/h4>\n<p>Si vous voyez cette page, vous pouvez me contacter afin de la nourrir et que vos sourires et rires y figurent.\u00a0<\/p>\n<p>\u00a0<\/p>\n<p><img loading=\"lazy\" decoding=\"async\" class=\"aligncenter  wp-image-14445\" src=\"http:\/\/vezere.org\/wp-content\/uploads\/2025\/06\/sourions-1024x1024.gif\" alt=\"\" width=\"392\" height=\"392\" srcset=\"https:\/\/vezere.org\/wp-content\/uploads\/2025\/06\/sourions-1024x1024.gif 1024w, https:\/\/vezere.org\/wp-content\/uploads\/2025\/06\/sourions-150x150.gif 150w, https:\/\/vezere.org\/wp-content\/uploads\/2025\/06\/sourions-300x300.gif 300w, https:\/\/vezere.org\/wp-content\/uploads\/2025\/06\/sourions-768x768.gif 768w, https:\/\/vezere.org\/wp-content\/uploads\/2025\/06\/sourions-1140x1140.gif 1140w, https:\/\/vezere.org\/wp-content\/uploads\/2025\/06\/sourions-75x75.gif 75w\" sizes=\"auto, (max-width: 392px) 100vw, 392px\" \/><\/p>\n<h3><strong>Un premier merveilleux rire pour un bon pain aveyronnais au March\u00e9 de Terrasson-Lavilledieu &#8211; Vall\u00e9e de la V\u00e9z\u00e8re &#8211; MERCI PATRICE<\/strong><\/h3>\n<p><img loading=\"lazy\" decoding=\"async\" class=\"aligncenter size-large wp-image-14704\" src=\"http:\/\/vezere.org\/wp-content\/uploads\/2025\/09\/IMG_20250904_101834-1024x461.jpg\" alt=\"\" width=\"960\" height=\"432\" srcset=\"https:\/\/vezere.org\/wp-content\/uploads\/2025\/09\/IMG_20250904_101834-1024x461.jpg 1024w, https:\/\/vezere.org\/wp-content\/uploads\/2025\/09\/IMG_20250904_101834-300x135.jpg 300w, https:\/\/vezere.org\/wp-content\/uploads\/2025\/09\/IMG_20250904_101834-768x346.jpg 768w, https:\/\/vezere.org\/wp-content\/uploads\/2025\/09\/IMG_20250904_101834-1536x691.jpg 1536w, https:\/\/vezere.org\/wp-content\/uploads\/2025\/09\/IMG_20250904_101834-2048x922.jpg 2048w, https:\/\/vezere.org\/wp-content\/uploads\/2025\/09\/IMG_20250904_101834-1140x513.jpg 1140w\" sizes=\"auto, (max-width: 960px) 100vw, 960px\" \/><\/p>\n<p><img loading=\"lazy\" decoding=\"async\" class=\"size-large wp-image-14705 alignleft\" src=\"http:\/\/vezere.org\/wp-content\/uploads\/2025\/09\/IMG_20250904_101852-461x1024.jpg\" alt=\"\" width=\"461\" height=\"1024\" srcset=\"https:\/\/vezere.org\/wp-content\/uploads\/2025\/09\/IMG_20250904_101852-461x1024.jpg 461w, https:\/\/vezere.org\/wp-content\/uploads\/2025\/09\/IMG_20250904_101852-135x300.jpg 135w, https:\/\/vezere.org\/wp-content\/uploads\/2025\/09\/IMG_20250904_101852-768x1707.jpg 768w, https:\/\/vezere.org\/wp-content\/uploads\/2025\/09\/IMG_20250904_101852-691x1536.jpg 691w, https:\/\/vezere.org\/wp-content\/uploads\/2025\/09\/IMG_20250904_101852-922x2048.jpg 922w, https:\/\/vezere.org\/wp-content\/uploads\/2025\/09\/IMG_20250904_101852-1140x2533.jpg 1140w, https:\/\/vezere.org\/wp-content\/uploads\/2025\/09\/IMG_20250904_101852-scaled.jpg 1152w\" sizes=\"auto, (max-width: 461px) 100vw, 461px\" \/><\/p>\n<h3 style=\"text-align: center;\"><strong>Un bon rire fait du bon pain !!!<\/strong><\/h3>\n<h4 style=\"text-align: center;\"><span style=\"color: #ff0000;\"><strong>Cliquez la photo de la courbe audio !<\/strong><\/span><\/h4>\n<p><a href=\"https:\/\/vezere.org\/RIRES\/rire-maraicher-pain-Aveyron-Terrasson.mp3\"><img loading=\"lazy\" decoding=\"async\" class=\"wp-image-14706 alignleft\" src=\"http:\/\/vezere.org\/wp-content\/uploads\/2025\/09\/rire-maraicher-pain-Aveyron-Terrasson-1024x394.jpg\" alt=\"\" width=\"845\" height=\"325\" srcset=\"https:\/\/vezere.org\/wp-content\/uploads\/2025\/09\/rire-maraicher-pain-Aveyron-Terrasson-1024x394.jpg 1024w, https:\/\/vezere.org\/wp-content\/uploads\/2025\/09\/rire-maraicher-pain-Aveyron-Terrasson-300x115.jpg 300w, https:\/\/vezere.org\/wp-content\/uploads\/2025\/09\/rire-maraicher-pain-Aveyron-Terrasson-768x295.jpg 768w, https:\/\/vezere.org\/wp-content\/uploads\/2025\/09\/rire-maraicher-pain-Aveyron-Terrasson-1536x591.jpg 1536w, https:\/\/vezere.org\/wp-content\/uploads\/2025\/09\/rire-maraicher-pain-Aveyron-Terrasson-2048x788.jpg 2048w, https:\/\/vezere.org\/wp-content\/uploads\/2025\/09\/rire-maraicher-pain-Aveyron-Terrasson-1140x438.jpg 1140w\" sizes=\"auto, (max-width: 845px) 100vw, 845px\" \/><\/a><\/p>\n<!--[if lt IE 9]><script>document.createElement('audio');<\/script><![endif]-->\n<audio class=\"wp-audio-shortcode\" id=\"audio-14702-1\" preload=\"none\" style=\"width: 100%;\" controls=\"controls\"><source type=\"audio\/mpeg\" src=\"https:\/\/vezere.org\/RIRES\/rire-maraicher-pain-Aveyron-Terrasson.mp3?_=1\" \/><a href=\"https:\/\/vezere.org\/RIRES\/rire-maraicher-pain-Aveyron-Terrasson.mp3\">https:\/\/vezere.org\/RIRES\/rire-maraicher-pain-Aveyron-Terrasson.mp3<\/a><\/audio>\n\n\n<p class=\"has-text-align-center\"><strong>Vous pouvez aussi retourner \u00e0 ma page d&rsquo;accueil pour en savoir plus sur ma grande exposition des arbres du P\u00e9rigord et la captation de musiques des arbres !  <a href=\"http:\/\/vezere.org\" data-type=\"link\" data-id=\"vezere.org\">Cliquez ICI<\/a><\/strong><\/p>\n\n\n\n<p><\/p>\n","protected":false},"excerpt":{"rendered":"<p>Sur cette page, je souhaiterais\u00a0 ins\u00e9rer les rires enregistr\u00e9s et sourires photographi\u00e9s le long du bassin versant de la V\u00e9z\u00e8re, lors des moments conviviaux, de joies, lors de spectacles, de march\u00e9s locaux, lors de belles rencontres, avec l&rsquo;accord de toutes et tous.\u00a0 Si vous voyez cette page, vous pouvez me contacter afin de la nourrir et que vos sourires et rires y figurent.\u00a0 \u00a0 Un premier merveilleux rire pour un bon pain aveyronnais au March\u00e9 de Terrasson-Lavilledieu &#8211; Vall\u00e9e de la V\u00e9z\u00e8re &#8211; MERCI PATRICE Un bon rire fait du bon pain !!! Cliquez la photo de la courbe audio ! Vous pouvez aussi retourner \u00e0 ma page d&rsquo;accueil pour en savoir plus sur ma grande exposition des arbres du P\u00e9rigord et la captation de musiques des arbres ! Cliquez ICI<\/p>\n","protected":false},"author":1,"featured_media":0,"parent":0,"menu_order":0,"comment_status":"closed","ping_status":"closed","template":"","meta":{"footnotes":""},"class_list":["post-14702","page","type-page","status-publish","hentry"],"_links":{"self":[{"href":"https:\/\/vezere.org\/index.php\/wp-json\/wp\/v2\/pages\/14702","targetHints":{"allow":["GET"]}}],"collection":[{"href":"https:\/\/vezere.org\/index.php\/wp-json\/wp\/v2\/pages"}],"about":[{"href":"https:\/\/vezere.org\/index.php\/wp-json\/wp\/v2\/types\/page"}],"author":[{"embeddable":true,"href":"https:\/\/vezere.org\/index.php\/wp-json\/wp\/v2\/users\/1"}],"replies":[{"embeddable":true,"href":"https:\/\/vezere.org\/index.php\/wp-json\/wp\/v2\/comments?post=14702"}],"version-history":[{"count":7,"href":"https:\/\/vezere.org\/index.php\/wp-json\/wp\/v2\/pages\/14702\/revisions"}],"predecessor-version":[{"id":14713,"href":"https:\/\/vezere.org\/index.php\/wp-json\/wp\/v2\/pages\/14702\/revisions\/14713"}],"wp:attachment":[{"href":"https:\/\/vezere.org\/index.php\/wp-json\/wp\/v2\/media?parent=14702"}],"curies":[{"name":"wp","href":"https:\/\/api.w.org\/{rel}","templated":true}]}}